 k?
577
Suppose 6*g - 43 + 493 = 0. Let q = g + 75. Suppose -4*j + 6*i - 2*i + 696 = q, -5*i - 186 = -j. List the prime factors of j.
3, 19
Let c(w) = -2*w**2 - 226*w + 9864. List the prime factors of c(0).
2, 3, 137
Suppose 2*a - 4 = -4*u, 7*a = -2*u + 3*a - 10. Suppose -r + 2*c + 14 + 1 = 0, -115 = -4*r - u*c. Suppose 13*s - 12*s = r. List the prime factors of s.
5
Let p = -119 - -119. Suppose p = -5*l - 5*b + 3405, b = 4*l + 1736 - 4485. List the prime factors of l.
2, 7
Suppose 11 = 8*k - 29. Suppose 2*d - 14 = -2*m, -k*m + 4*d = 2 - 1. Suppose 2*y = -m + 11, -2*b + 244 = -5*y. List the prime factors of b.
2, 3, 11
Suppose -268575 = 5*y - 73*y - 7*y. What are the prime factors of y?
3581
Suppose 30*x + 8 = 26*x, -2*x - 31 = -3*l. List the prime factors of (-1)/(-4)*(-333)/l*-36.
3, 37
Let w = 13477 + -7640. What are the prime factors of w?
13, 449
Let a be ((-660)/(-22))/(3/2). Let m be 0 - (-4)/(a/1085). Suppose m = 4*x + 57. List the prime factors of x.
2, 5
Suppose 3*h + 3*h + 2293 = 9733. What are the prime factors of h?
2, 5, 31
Let q(a) = -81*a - 4. Let s be q(-1). Let z = s - -12. What are the prime factors of z - (6 + -4 + -5)?
2, 23
Suppose 4*f + 9 - 77 = 0. List the prime factors of 19*(-3 + (f - 3)).
11, 19
Let g be (-10150)/4 - 90/60. Let r = 3955 + g. What are the prime factors of r?
2, 3, 59
Suppose -4*d - 212 = o, 0 = 3*d - o + 169 - 3. What are the prime factors of d/14 - -3 - 73986/(-77)?
2, 3, 5
Let p(l) be the third derivative of -l**6/120 + l**5/5 - l**4/4 - 11*l**3/6 - 53*l**2. What are the prime factors of p(10)?
3, 43
Let x(s) = 6*s**2 - 38. Suppose -u - 40*r + 8 = -35*r, -2*u - 5*r = -21. What are the prime factors of x(u)?
2, 61
Let r be 287 - (10 + -6) - 0. Suppose -8 = 4*p, 0 = -3*u + 4*p + 850 + r. What are the prime factors of u?
3, 5
Let l(a) = -23*a + 11. Let i(h) = -h + 1. Let c(v) = -4*i(v) + l(v). Let o be c(-2). Let j = o + -38. List the prime factors of j.
7
Let s = 160648 - 103900. What are the prime factors of s?
2, 3, 4729
Suppose 142 + 38 = -20*n. What are the prime factors of (-1725)/n - (-34)/(-51)?
191
Let j = 3104 - 1174. List the prime factors of j.
2, 5, 193
Suppose -282*h = -278*h + 2*b - 43670, 2*h + 5*b - 21815 = 0. What are the prime factors of h?
2, 3, 5, 7, 13
Suppose -f - 3*z + 6622 = 0, 9*f + 3*z + 33110 = 14*f. List the prime factors of f.
2, 7, 11, 43
Suppose 5*i + 10 = 45, 5*u = -2*i + 133689. List the prime factors of u.
5, 5347
Let m(v) = 2*v**3 + 139*v**2 - 117*v + 252. What are the prime factors of m(-69)?
2, 3, 727
Suppose -25665 = -25*v + 43635. List the prime factors of v.
2, 3, 7, 11
Suppose 37*l = 40*l + 87*l - 704520. List the prime factors of l.
2, 19, 103
List the prime factors of (9/(-15))/((-44)/82940).
3, 13, 29
Let h(n) = -n**3 - 51*n**2 - 123*n - 186. What are the prime factors of h(-60)?
2, 3, 6599
Let p(x) = x. Let h(n) = -5*n + 28. Let d(j) = h(j) + 6*p(j). Let l be d(-25). Suppose 2*w = -l*w + 45. What are the prime factors of w?
3
Let c = -1356 + 2178. Let v = 1926 - c. List the prime factors of v.
2, 3, 23
Let f(c) = 12*c**3 - 10*c**2 - 164*c + 144. List the prime factors of f(16).
2, 3, 919
Let j(r) = -1790*r**3 + 5*r**2 + 11*r - 3. What are the prime factors of j(-2)?
5, 7, 409
Let k(i) = -8*i**2 + 213*i - 36. List the prime factors of k(20).
2
Suppose 5 = -3*j + 20. Suppose j*u - 8*p - 3633 = -6*p, 0 = -5*u - 2*p + 3637. List the prime factors of u.
727
Suppose 381375 = 8*n + 8*n - 7*n. What are the prime factors of n?
3, 5, 113
Let h(v) = v**3 + 10*v**2 - 25*v - 13. Let a be h(-12). Let s be a - (10/30 + 1453/(-3)). Suppose 0*x + 5*z = 4*x - s, -3*z = -15. List the prime factors of x.
127
Let k(y) be the first derivative of 36*y**2 + 147*y + 65. What are the prime factors of k(6)?
3, 193
Suppose 4*r - i - 36270 = 0, -5*r + 5*i + 12004 + 33356 = 0. What are the prime factors of r?
2, 3, 1511
Let b(i) be the second derivative of i**5/60 - 5*i**4/8 - 4*i**3 - 8*i**2 - 11*i. Let a(p) be the first derivative of b(p). What are the prime factors of a(19)?
2, 13
Suppose 128304 = 83*f - 199567 - 239683. List the prime factors of f.
2, 13, 263
Suppose 2*d - n - 119582 = 0, 299*n - 297*n + 119574 = 2*d. List the prime factors of d.
5, 11959
Suppose 3*l - 23 = 625. List the prime factors of (-3)/(7/((-112)/(-12))) + l.
2, 53
Suppose 85 - 92 = -k. Suppose k*f - 8296 - 3765 = 0. What are the prime factors of f?
1723
Let y be (-3)/2*-6 - (16 - 12). Let n(d) = d + 6. Let u be n(-4). Suppose 4*c + y*f = u*c + 133, -15 = 3*f. What are the prime factors of c?
79
Suppose -l + a + 4 = 0, -2*a + 6*a = 5*l - 18. Let c be -12 + 11 - -2*l. Suppose 3 = d - c. List the prime factors of d.
2, 3
List the prime factors of (-63656074)/(-1060) - (-1)/(12 + -4 + 2).
7, 23, 373
Let u(a) = -a**2 + 8*a - 278. Let q be u(0). Let x = 439 + q. List the prime factors of x.
7, 23
Let o(f) = 4*f**2 + 11*f + 54. Let g be 1802/(-221) + 4/26. List the prime factors of o(g).
2, 3, 37
Suppose -3*g - 27710 = -28*g - 9*g. List the prime factors of g.
5, 163
Let m = 1257 + 77. Let t = m + -440. List the prime factors of t.
2, 3, 149
Let l(m) = 76*m**2 + 5*m - 4. Let h be l(3). Suppose -h - 741 = -4*z. Suppose -z = 11*g - 1481. What are the prime factors of g?
2, 3, 17
Suppose -o - 17 = -2*i, -5*i - 6*o = -9*o - 42. What are the prime factors of -1*(-14176)/72 - (-1)/i?
197
Let o(d) = 110*d**2 + 9*d + 31. Let k be o(5). Let g = k + -1569. List the prime factors of g.
3, 419
Let z = 18 + -4. Suppose -z*q = 2335 - 19485. Suppose -12*d + 7*d + q = 0. List the prime factors of d.
5, 7
Suppose a - 153 = -3*w, 4*w + 3*a - 259 = -w. Suppose -w = 11*z - 6*z. List the prime factors of 4/5*(55 + z).
2, 3
Let z(x) = 2*x**2 - 5*x. Let j be z(5). Suppose -c = -4*l - j, 0 = -c - 3*l + 2*l. List the prime factors of (-2)/c + (632/5 - -5).
131
Suppose -2*q = -3*c + 162, -7 = -2*q - 1. Suppose -c*o = -50*o - 4014. List the prime factors of o.
3, 223
Let x = -5295 - -11686. What are the prime factors of x?
7, 11, 83
Let z(j) = 13*j**2 + 33*j + 94. Let f be z(15). Suppose f = 4*l - 1002. List the prime factors of l.
1129
Suppose 10 = -5*b, -3*f = -29*b + 25*b - 11774. List the prime factors of f.
2, 37, 53
Suppose -4*v - w - 1613 = 0, 2*v - w + 808 = -3*w. Let j = -67 - v. What are the prime factors of j?
2, 3, 7
Let r = 4414 - 1033. Let i = r - 2394. List the prime factors of i.
3, 7, 47
Suppose -2*h - 94436 = -2*p, 2*h + 40853 = 3*p - 53587. What are the prime factors of h/(-102) - (1 - 19/17)?
463
Let b(t) = t**3 + 16*t**2 + 5. Let a be b(-16). Let z = -2 + 2. Suppose 3*d = a*f + 175, z*d - 220 = -4*d + 4*f. What are the prime factors of d?
2, 5
Let g = -8 - -45. Suppose 900 = g*v - 32*v. Suppose 5*u = -4*u + v. List the prime factors of u.
2, 5
Let l(j) = j**3 + 5*j**2 - 4*j + 4. Let y be l(-5). Suppose -y*a + 769 = -71. What are the prime factors of a?
5, 7
Let p be (-32)/(-16) + (-2097)/(-3) + 2. Let t = p - 141. What are the prime factors of t?
2, 281
Suppose -5*z - 10 = 0, 10*z = 5*x + 5*z - 1265. Suppose 0 = 3*a + 5*s - 4*s - x, -4*a = -s - 323. What are the prime factors of a?
2, 41
Suppose 1423 = q - 1178. Suppose 5*j + 20 = 0, -q = -0*s - 5*s - j. List the prime factors of s.
521
Suppose 1104 = 4*h - 4*l, 5*h - 3*l = -5*l + 1373. Let t = 492 - h. Suppose 7*d - 42 = t. List the prime factors of d.
37
Suppose 3*x = -5*x + 16. List the prime factors of 1033/15 + (-10)/(-150)*x.
3, 23
Let b be 1*568/7 - (-17)/(-119). Suppose -3 = 2*q - 1, 2*x + 3*q + b = 0. What are the prime factors of -5 - (10*x)/5?
73
Let t = -555 + 562. List the prime factors of -3 - (-6 + t) - (0 + -919).
3, 5, 61
Let h be 221 - (2 + -7 - 2). Suppose 2*g - 3*l - 17 = 290, 0 = 5*g - 5*l - 775. Let u = h - g. List the prime factors of u.
2, 5, 7
Let a = 71842 - 41421. What are the prime factors of a?
29, 1049
Suppose -36*t - 99351 = -335871. Suppose 115*b + t = 130*b. What are the prime factors of b?
2, 3, 73
Let y(s) = 17*s**2 - 75*s - 243. What are the prime factors of y(-18)?
3, 5, 7
Suppose 0 = 99*w - 101*w. Suppose -3*o + 4*d + 11 = w, -3*o + 2*d = 5*d + 24. What are the prime factors of (-731)/(-6) - (0 + o/18)?
2, 61
Let u(q) = 110*q**2 - 2*q. Let b be u(2). Suppose 0 = -2*m - 4*o - 20, -45*m + 40*m = -4*o - 20. Suppose 5*c - 309 - b = 